f -15 - -5 - (-3090)/2.
5, 307
Let o(n) = -86*n + 72. What are the prime factors of o(-12)?
2, 3, 23
Suppose -4974 + 29561 = 23*r. What are the prime factors of r?
1069
Let n(b) = b**3 - 5*b**2 + 2*b - 10. Let l be n(5). List the prime factors of (l + (-141)/(-9))*3.
47
Suppose 2849 = 2*u + 3*a, -3*a - 2884 = -4*u + 2841. List the prime factors of u.
1429
Let n(b) = b**3 + 11*b**2 - 3*b - 7. List the prime factors of n(-4).
3, 13
What are the prime factors of 238/(-21)*(3 - 15/2)?
3, 17
Let g = 55 - 45. Suppose 0 = -g*u + 14*u - 160. List the prime factors of u.
2, 5
Let t = -6 + 5. List the prime factors of 11 + (-1 + 0)/t.
2, 3
Let l(y) = -y**3 - 7*y**2 - 8*y - 9. Let m be l(-6). Let n be ((-1938)/(-3))/((-3)/m). What are the prime factors of (-1)/3 + n/(-57)?
11
List the prime factors of 36/(-6) - 0 - 799*-4.
2, 5, 11, 29
Let t be (11 + -13)/(1/172*-2). Suppose 0 = 3*d - 122 - t. What are the prime factors of d?
2, 7
Suppose -87 = -2*u + 347. Suppose y - u = -3*l, -4*l + 290 = 5*y - 4*y. List the prime factors of l.
73
Let k(r) = -9*r + 27. Let y(g) = -4*g + 13. Let l(v) = 6*k(v) - 13*y(v). Let u = -10 - 1. What are the prime factors of l(u)?
3, 5
Let a(n) be the second derivative of 3*n**3 + n**2/2 + 17*n. What are the prime factors of a(5)?
7, 13
Let g be 13 + (12/4)/(-1). Suppose 2*j = -2 + g. What are the prime factors of j?
2
Suppose -3*g = -27*g + 336. Suppose -3*k = -208 + 55. Let b = k - g. List the prime factors of b.
37
Let c(o) = 9*o**2 + 25*o - 148. List the prime factors of c(5).
2, 101
Suppose 2 = 2*r + 4*z - 5*z, -z + 2 = 0. Let a(x) = x**3 - 5*x**2 - 4*x - x - 4*x**2 + 11 + 2*x**r. What are the prime factors of a(8)?
5, 7
Let g(b) = 5*b**3 + 15*b**2 - 49*b + 7. List the prime factors of g(4).
7, 53
Let j = 6672 - 3933. List the prime factors of j.
3, 11, 83
Let b(v) = 117*v**2 + 67*v + 188. What are the prime factors of b(-3)?
2, 5, 13
Let h(i) = 50*i**2 - 2*i - 3. Let a be h(-1). Suppose a*w + 154 = 51*w. List the prime factors of w.
7, 11
Suppose 59*z = 67*z - 144. What are the prime factors of z?
2, 3
Suppose 0*c - 3*c + 90 = 0. Suppose -3*s + l - c = -0*l, 2*l = 0. What are the prime factors of (s/8)/(4/(-64))?
2, 5
Suppose -5*t = 3*y + 127, -3*y + 50 = -2*t - 5*y. Let z(p) = -6*p + 23. List the prime factors of z(t).
179
Suppose 6*i - 4664 = 2*i. What are the prime factors of i?
2, 11, 53
Suppose -t + 37 + 18 = 0. List the prime factors of t.
5, 11
Let n(k) = 3*k**3 + 2*k**2 - 2*k + 1. Let u be n(1). What are the prime factors of (-1)/2 - ((-374)/u + -3)?
2, 3
Let k = -1300 - -2300. List the prime factors of k.
2, 5
Suppose t + 3*i + 42 = -131, 4*i = -2*t - 340. Let k = t - -183. List the prime factors of k.
19
Let c(y) be the third derivative of -y**4/24 + 19*y**3/6 + 7*y**2. What are the prime factors of c(-9)?
2, 7
Suppose 25*n = -12*n + 40441. What are the prime factors of n?
1093
Suppose 7*q - 1038 = 6*q - 4*u, 5*u - 3107 = -3*q. List the prime factors of q.
2, 11, 47
Suppose 34*t = 31*t + 51. What are the prime factors of t?
17
Suppose 2*c = 2*b + 108, -215 = -4*c - 3*b + 1. Suppose 0 = -a - d + 54, -d = a + 3*d - c. What are the prime factors of a?
2, 3
Suppose m - 64 = -5*t, -2*t = 5*m + 2*t - 299. Let i = m + -40. Let z = i + -13. What are the prime factors of z?
2, 3
Let a(y) = -y**3 - 3*y**2 + y + 22. Let t(i) = 2*i**3 + 6*i**2 - 3*i - 43. Let d(b) = -7*a(b) - 4*t(b). List the prime factors of d(-4).
2, 7
Suppose 0 = 6*o - 4*o - 1840. Let m be (6/(-15))/((-4)/o). Let d = m + -47. What are the prime factors of d?
3, 5
Let t(l) = -2*l - 12. Let h be t(-8). Suppose -3*v - h*w = -120 - 26, -101 = -2*v + w. List the prime factors of v.
2, 5
Let m(c) = c**3 + 9*c**2 - c - 4. Let p be m(-9). Suppose -5*g + 73 = 3*n, -5 = 4*n + p*g - 94. Suppose 0 = 11*f - n*f + 80. List the prime factors of f.
2
Suppose -3 = -2*j + 25. Let w be (-22)/(-77) + 66/j. Suppose -w*f + 60 = -0*f. List the prime factors of f.
2, 3
Let j be ((1*12)/2)/((-21)/28). List the prime factors of -22*((-60)/j)/(-3).
5, 11
Suppose 121 = 2*n - z, -3*z + z = -3*n + 179. What are the prime factors of n?
3, 7
Let h(x) = 4*x**3 - 7*x**3 - 11*x**2 - 11*x + 2*x**3 + 4. Let r be h(-10). Suppose -r = -2*z - 5*y, -5*y - 2 + 8 = -2*z. What are the prime factors of z?
2
Let g = 17 - -16. What are the prime factors of g - (-4 - -2 - -3)?
2
Let q(j) = 3*j**3 + 2*j**2 - 3*j + 2. Let x be q(2). What are the prime factors of (-152)/(-6) - (-3 - x/(-12))?
2, 13
Let f(s) = -s**2 - 2*s + 1. Let h be f(-6). Let u = h - 10. List the prime factors of (-6)/33 - 930/u.
2, 7
Let l = 207 - -200. What are the prime factors of l?
11, 37
List the prime factors of (3 - -548)*(6 - -1)/7.
19, 29
Let j be 5/((-9)/6 + 2). Let y(h) = -h**3 + 10*h**2 + h - 8. Let p be y(j). Suppose -p*b - 264 - 121 = -5*a, 4*b = 20. List the prime factors of a.
79
Let y(j) = -j**3 + 10*j**2 - 9*j + 8. Let g be y(6). Let s = g + 74. Suppose 2*v - 51 = -3*n + 20, 0 = 5*v + 2*n - s. List the prime factors of v.
2, 17
Let d = 6061 + -4103. List the prime factors of d.
2, 11, 89
Let w be ((-24)/32)/(6/(-16)). Suppose n = -w*n + 162. What are the prime factors of n?
2, 3
Let j(v) = -v**2 - 2 + 4*v - 2 - 9*v. Let w be j(-4). Suppose 0 = -w*y - 4*y + 72. List the prime factors of y.
2, 3
Suppose h - 2*l = 656, 4*h + 0*h - 3*l = 2629. What are the prime factors of h?
2, 7, 47
Let q = 12 + -10. Suppose -3*x + 20 = 3*d - 19, -4*d = q*x - 46. List the prime factors of -10*3/(-12)*d.
5
Suppose 0 = -5*d + 128 - 18. Let b(q) = -q - 1. Let v be b(-1). Suppose v = l + 4 - d. What are the prime factors of l?
2, 3
Let i = 900 + -414. List the prime factors of i.
2, 3
Suppose -4*l + j = -23, -1 = 2*l + 4*j + 1. Let g be (-32)/20*3*l. What are the prime factors of 3*-1*104/g?
13
Suppose 0 = 3*p + 4 - 1. Let k be 6*p*732/6. What are the prime factors of k/(-24) + (-2)/4?
2, 3, 5
Let l(o) be the third derivative of -21*o**4/8 + o**3/6 + 26*o**2. What are the prime factors of l(-2)?
127
Suppose 9*n - 15 = 6*n. Suppose z - 2*z = n, -5*f = -5*z - 195. List the prime factors of f.
2, 17
Let t(l) = -6*l + 15*l - 8*l + 43. List the prime factors of t(-13).
2, 3, 5
Suppose -2*q + 6*q - 4*z = 0, q = -4*z + 25. Suppose -3*x + q*y + 12 = 0, -5*x + 8*y - 3*y + 10 = 0. List the prime factors of x - 3 - (-6 + -26).
2, 7
Let s(t) be the first derivative of -1/4*t**4 - 3/2*t**2 - 12*t - 1 - 8/3*t**3. What are the prime factors of s(-8)?
2, 3
Let k = 1125 + -516. What are the prime factors of k?
3, 7, 29
Let d(v) = -v + 20. Let i be d(17). Let y = -163 - -241. Suppose 0 = -3*o - i*l + y, -2*l - l + 12 = 0. What are the prime factors of o?
2, 11
Suppose -15*a = -12*a - 12. Suppose -a*r + 196 = -24. What are the prime factors of r?
5, 11
Let q = -1 - -4. Suppose -2 = -i + q. Suppose 0*j + 5*j - 113 = -4*f, i*j + 3*f - 116 = 0. What are the prime factors of j?
5
Suppose 52*g - 2*z - 2183 = 51*g, 4*z + 2181 = g. What are the prime factors of g?
5, 19, 23
Suppose 4*d - 3*h - 624 - 1720 = 0, 16 = 4*h. What are the prime factors of d?
19, 31
Let u(j) = -76*j - 168. List the prime factors of u(-17).
2, 281
Let f = 50 + -45. Suppose f*b - 250 = 135. List the prime factors of b.
7, 11
Suppose 0 = -5*g + 2*x + 6351, 2*x + 3809 = 52*g - 49*g. What are the prime factors of g?
31, 41
Let x(d) = -d**2 + 4*d - 5. Suppose -2*a = 4 - 16. Let l(y) = y**2 - 3*y + 4. Let o(r) = a*x(r) + 5*l(r). List the prime factors of o(7).
2
What are the prime factors of (-4 - -1)/((-3)/(1*603))?
3, 67
Suppose 3 = q - 2*v, 0*q + 12 = 4*q - 3*v. Suppose -3*k + 501 = 2*k + 4*j, 4*k + q*j = 400. What are the prime factors of k?
97
Let y(o) = 793*o**2 - 5*o - 28. What are the prime factors of y(-2)?
2, 19, 83
Let r(m) = 33*m**3 - 3*m**2 - 2*m - 5. What are the prime factors of r(3)?
853
List the prime factors of ((-382)/6)/(8/(-72)).
3, 191
Let r(i) = -75*i + 32. List the prime factors of r(-6).
2, 241
Let j(q) = 8*q**2 - q - 1. Let y be j(1). Let l be (8 - y) + (-1 - -42). What are the prime factors of l + (-3 - (-2)/1)?
2, 3, 7
What are the prime factors of ((-1332)/(-10))/((-16)/(-40))?
3, 37
Let t(j) = -j**3 + 24*j**2 + 4*j - 19. Let a be t(24). Let k = a - 50. What are the prime factors of k?
3
Let n be ((-5232)/60)/(4/(-10)). Suppose -n + 20 = -s. Suppose 5*g - s = 2*u